Let q(k) = 3*k**3 + k**2 - k - 1. What is q(-2)?
-19
Let v(k) = 8*k**3 + 23*k**2 - 3*k + 4. Give v(-3).
4
Let x(r) = -2*r**3 - 16*r**2 - 15*r - 7. Give x(-7).
0
Let l(t) = -3*t + 31. Give l(8).
7
Let b(p) = p**3 - p**2 - 34*p + 29. What is b(6)?
5
Let a(i) = i**3 + 8*i**2 + 9*i - 11. Calculate a(-5).
19
Let g(n) = -6*n + 105. Determine g(31).
-81
Let m(j) = -5*j + 15. What is m(6)?
-15
Let r(s) = -s**3 - 49*s**2 - 251*s + 301. What is r(-43)?
0
Let p(r) = -14*r - 291. Give p(-20).
-11
Let b(h) = -h**2 + 5*h - 2. What is b(7)?
-16
Let l(g) = -g - 35. Calculate l(10).
-45
Let q(s) = 5*s - 37. Determine q(7).
-2
Let g(o) = -55*o + 333. What is g(6)?
3
Let k(p) = -p**3 + 18*p**2 - 16*p - 10. Determine k(17).
7
Let t(x) = -2*x**3 + x**2 + 3*x - 3. What is t(3)?
-39
Let t(n) = -n**2 + 10*n + 5. Give t(10).
5
Let s(k) = -k**2 - 12*k - 14. Calculate s(-10).
6
Let k(p) = p**2 + 7*p + 2. Calculate k(-3).
-10
Let t(b) = 5*b**2 + b. What is t(1)?
6
Let r(y) = -y**3 + 7*y**2 - 7*y + 6. Determine r(6).
0
Let m(t) = -3*t**2 - 5*t + 3. What is m(-3)?
-9
Let h(l) = l**3 + 9*l**2 + 2*l - 48. Give h(-8).
0
Let p(w) = -97*w + 878. Give p(9).
5
Let a(m) = -m**2 + 7*m - 4. Give a(8).
-12
Let t(r) = 4*r - 37. Calculate t(8).
-5
Let z(w) = -w**3 - 6*w**2 + 33*w + 42. Give z(-9).
-12
Let j(c) = -c**2 - 21*c - 107. What is j(-5)?
-27
Let t(f) = f**3 + 8*f**2 - 9*f + 4. Calculate t(-9).
4
Let m(q) = -3*q**2 - q + 11. Calculate m(4).
-41
Let d(o) = -6*o - 17. Determine d(-13).
61
Let n(t) = t**2 + 4*t - 7. What is n(2)?
5
Let w(b) = -12*b - 3. What is w(-1)?
9
Let f(i) = 2*i**3 - 21*i**2 - 36*i + 36. What is f(12)?
36
Let p(s) = 8*s + 54. Determine p(-5).
14
Let m(h) = 2*h**2 - 3*h - 1. What is m(2)?
1
Let a(b) = 4*b - 52. Give a(13).
0
Let t(n) = n**2 - 15*n + 55. Determine t(8).
-1
Let a(w) = 2*w. Give a(-1).
-2
Let z(c) = 7*c - 20. What is z(4)?
8
Let a(s) = -s**3 + 5*s**2 - 3*s - 7. What is a(6)?
-61
Let t(c) = -45*c - 35. Calculate t(-5).
190
Let d(u) = 45*u + 14. Determine d(-2).
-76
Let z(w) = -w**2 + 4*w + 10. Calculate z(6).
-2
Let b(t) = t - 8. Calculate b(4).
-4
Let u(o) = -o**3 - 9*o**2 - 5*o - 2. What is u(-9)?
43
Let v(y) = -y**2 - 9*y + 16. Determine v(-10).
6
Let k(o) = 3*o**2 + 23*o - 8. Give k(-8).
0
Let k(a) = 2*a + 1. Determine k(11).
23
Let t(a) = a**3 - 9*a**2 + 18*a + 3. Calculate t(6).
3
Let k(x) = 9*x - 80. Give k(12).
28
Let j(r) = -r**3 + 6*r**2 - 6*r + 8. What is j(4)?
16
Let i(z) = -35*z. What is i(1)?
-35
Let h(s) = 4*s**2 + 4*s. Determine h(3).
48
Let a(b) = -b - 17. Give a(-11).
-6
Let u(f) = -f**3 + 17*f**2 - 63*f - 23. What is u(7)?
26
Let s(l) = -l**3 - l**2 + 14*l + 18. Give s(-5).
48
Let m(l) = l**3 + 16*l**2 + 32*l. Calculate m(-13).
91
Let x(m) = -5*m**2 + 69*m - 6. Give x(14).
-20
Let g(f) = -f**3 + 4*f**2 - 2*f + 9. Give g(4).
1
Let t(l) = -l**3 - 10*l**2 + 2*l + 14. Give t(-10).
-6
Let x(d) = -3*d**3 + 17*d**2 + 5*d. Give x(6).
-6
Let n(j) = -j**3 - 10*j**2 - 15*j + 38. Give n(-7).
-4
Let c(o) = -o - 12. Calculate c(-7).
-5
Let h(j) = j**3 - 4*j**2 + 10*j - 26. What is h(3)?
-5
Let z(u) = -12*u - 1. Calculate z(-1).
11
Let o(h) = -2*h**2 + 42*h + 38. Give o(22).
-6
Let n(j) = 2*j + 38. Give n(-22).
-6
Let z(v) = 7*v**3 + v**2 - 3*v + 2. What is z(2)?
56
Let l(c) = -c**3 - 7*c**2 - 5*c + 21. Calculate l(-6).
15
Let t(r) = r**2 + 14*r + 66. Give t(-7).
17
Let o(x) = 68*x - 1. Determine o(-1).
-69
Let v(o) = -2*o**2 + 30*o - 117. Determine v(8).
-5
Let o(k) = -k**2 - 7*k + 23. Give o(-10).
-7
Let k(h) = 4*h**2 - 7*h + 15. Calculate k(-4).
107
Let i(w) = 6*w**2 + 9*w + 8. Determine i(-1).
5
Let s(l) = 3*l**2 - 38*l + 23. What is s(12)?
-1
Let z(d) = -d**2 + 4*d + 2. Calculate z(4).
2
Let t(x) = -2*x**3 + 5*x**2 + 2*x - 2. Give t(4).
-42
Let c(k) = 6*k**2 + k - 1. Calculate c(1).
6
Let l(a) = a**3 - 3*a**2 - 3*a - 2. Calculate l(3).
-11
Let o(f) = -f**3 - f**2 + 5*f + 6. What is o(-3)?
9
Let m(u) = -u**2 - 7*u - 2. Calculate m(-10).
-32
Let s(k) = -2*k - 12. What is s(0)?
-12
Let n(v) = 2*v**2 - 21*v - 20. Calculate n(11).
-9
Let z(m) = 3*m**3 - 3*m**2 - 4*m + 7. Determine z(3).
49
Let k(s) = -s**2 - 9*s + 7. Calculate k(-10).
-3
Let t(d) = 3*d**2 - 10*d + 3. Determine t(3).
0
Let q(p) = -28*p - 81. Determine q(-3).
3
Let q(d) = -d**2 - 57*d + 597. Determine q(9).
3
Let d(z) = z**3 - 2*z**2 - 3*z - 2. Calculate d(4).
18
Let f(w) = -w**3 - 8*w**2 - 12. Give f(-6).
-84
Let o(h) = -h**2 + 24*h - 13. Calculate o(23).
10
Let k(m) = -m**3 - 6*m**2 + 41*m + 13. What is k(-10)?
3
Let p(o) = o**2 + 18*o + 2. Give p(-6).
-70
Let h(q) = -12*q**3 - q**2 + 2*q - 1. Give h(1).
-12
Let g(s) = -s - 5. Give g(-1).
-4
Let x(v) = -3*v + 3. Give x(2).
-3
Let j(f) = 8*f**3 - 48*f**2 - f + 5. Give j(6).
-1
Let l(x) = x**2 + 18*x - 310. Calculate l(-29).
9
Let t(a) = a**3 + 23*a**2 - 22*a + 49. What is t(-24)?
1
Let b(j) = -13*j + 454. Calculate b(35).
-1
Let k(n) = -6*n - 113. Calculate k(-20).
7
Let d(h) = -24*h**3 + 2*h**2 - 1. Determine d(1).
-23
Let j(n) = -65*n - 404. Calculate j(-6).
-14
Let j(v) = 90*v - 263. Calculate j(3).
7
Let s(u) = u + 14. Give s(-7).
7
Let v(n) = -5*n - 10. What is v(-8)?
30
Let h(x) = -3*x**2 - 4*x - 2. Determine h(-2).
-6
Let p(l) = 2*l + 52. What is p(-15)?
22
Let x(n) = n**3 + 8*n**2 + 8*n + 14. Give x(-7).
7
Let h(f) = f**3 + 3*f**2 + 2*f - 7. Determine h(-3).
-13
Let y(u) = -u**2 - 11*u + 2. Give y(-12).
-10
Let f(r) = -r**2 - 6*r - 7. Calculate f(-8).
-23
Let j(x) = x**2 + 22*x - 843. Determine j(-42).
-3
Let t(v) = -v**3 - 19*v**2 + v + 21. Calculate t(-19).
2
Let c(t) = 5*t - 40. Give c(7).
-5
Let m(r) = 12*r + 36. Determine m(-12).
-108
Let t(h) = -h**3 - 6*h**2 - 8*h - 3. Give t(-5).
12
Let l(x) = -x**3 + 7*x**2 + 17*x + 7. Determine l(9).
-2
Let q(g) = -g**2 + 18*g + 68. Give q(21).
5
Let p(h) = 2*h**3 - h**2 - h + 1. What is p(-2)?
-17
Let u(f) = -2*f + 5. Give u(-10).
25
Let z(f) = f**2 + f - 76. Calculate z(8).
-4
Let b(x) = x**2 - 10*x + 13. Give b(8).
-3
Let m(z) = -3*z + 13. Calculate m(-13).
52
Let b(s) = s**2 + 19*s + 23. Calculate b(-18).
5
Let a(g) = -g + 36. Determine a(18).
18
Let b(x) = -4*x**2 - 26*x - 25. What is b(-5)?
5
Let v(k) = -k**2 - 26*k - 151. Determine v(-16).
9
Let q(l) = -2*l**2 - 28*l - 147. Determine q(-8).
-51
Let w(m) = 9*m**3 + 1. What is w(1)?
10
Let u(s) = -s**2 + 8*s + 20. Determine u(11).
-13
Let m(v) = 27*v - 5. Determine m(-1).
-32
Let a(x) = -x**2 + 45*x - 38. Give a(44).
6
Let x(l) = l**2 - 8*l - 19. Determine x(10).
1
Let u(y) = -y - 22. Give u(-12).
-10
Let b(f) = 2*f**3 - 21*f**2 - 6*f - 2. Calculate b(11).
53
Let v(l) = -15*l. What is v(-1)?
15
Let y(r) = -r**2 - 10*r + 10. Calculate y(-12).
-14
Let y(r) = 2*r**2 - 16*r + 1. What is y(8)?
1
Let k(f) = -f - 37. Determine k(-35).
-2
Let m(l) = l**3 + 80*l**2 - 165*l - 88. What is m(-82)?
-6
Let u(g) = 3*g - 5. Calculate u(1).
-2
Let p(z) = -20*z**2 - 77*z - 4. Determine p(-4).
-16
Let t(k) = 5*k + 29. Calculate t(-4).
9
Let g(k) = -k**3 - 10*k**2 - 18*k - 19. What is g(-8)?
-3
Let l(x) = -x**3 + 8*x**2 - 2*x - 3. What is l(8)?
-19
Let q(v) = 8*v**2 + v - 27. What is q(5)?
178
Let c(r) = -r**2 - 4*r - 3. Give c(-4).
-3
Let z(m) = m**3 + 4*m**2 - 11*m. What is z(-6)?
-6
Let m(u) = -5*u**2 + 2*u + 2. What is m(-1)?
-5
Let z(w) = w**3 + 12*w**2 + 7*w - 16. What is z(-11)?
28
Let v(f) = f**2 + 11*f + 9. Calculate v(-7).
-19
Let i(c) = -54*c**2 + 1. What is i(-1)?
-53
Let g(j) = -2*j + 7. Calculate g(6).
-5
Let i(k) = 6*k + 33. Give i(-7).
-9
Let g(m) = 7*m + 74. Give g(-11).
-3
Let v(l) = l**2 - 11*l - 9. Give v(8).
-33
Let l(i) = -i**3 - 14*i**2 - 13*i + 23. Determine l(-13).
23
Let h(v) = -4*v**3 + 2*v**2 + v + 1. Give h(-1).
6
Let w(a) = -33*a + 190. Determine w(7).
-41
Let t(d) = d**2 + 14*d + 14. Give t(-9).
-31
Let p(b) = b**3 + 17*b**2 - 20*b + 3. Give p(-18).
39
Let j(h) = h**3 - 8*h**2 - 5*h - 36. Give j(9).
0
Let d(s) = -2*s - 34. Calculate d(-10).
-14
Let j(t) = 2*t + 8. Calculate j(2).
12
Let p(r) = -r**2 + 8*r - 32. Calculate p(10).
-52
Let c(s) = s**3 - 8*s**2 + 6*s - 7. Give c(7).
-14
Let y(c) = c**2 + 15*c + 5. Give y(-16).
21
Let w(d) = -d**3 - 12*d**2 + 13*d - 5. Give w(-13).
-5
Let f(w) = -2*w**3 + 11*w**2 + 17*w + 1. What is f(7)?
-27
Let u(l) = -l**2 - 34*l - 87. What is u(-31)?
6
Let g(s) = s**2 + 14*